e highest common divisor of m and 9.
9
Let i = 35 + -32. Suppose 2*b - 4*y + 0 - 4 = 0, 2*b - i*y = 6. Calculate the greatest common factor of 6 and b.
6
Let a(c) = c**3 - 11*c**2 + 10*c + 5. Let m be a(10). Let d be 2/m + 272/20. Let u be (72/d)/(12/378). What is the highest common factor of 18 and u?
18
Let s = -152 - -432. What is the greatest common factor of s and 120?
40
Let u = 468 + -394. What is the greatest common divisor of 2 and u?
2
Suppose z - 5*z - 4 = 0, 0 = 5*h + z - 9. Let k be (h - -2 - 3)*18. Calculate the highest common divisor of 45 and k.
9
Let i(q) = -9*q + 1. Let o be i(-3). Let f(r) = r**3 + 12*r**2 + 12*r + 5. Let a = 8 + -17. Let x be f(a). What is the greatest common divisor of o and x?
28
Suppose -2*z - 3*z + 3*w = -980, -980 = -5*z - 5*w. What is the greatest common divisor of 84 and z?
28
Suppose -2*b = -25 - 7. Suppose b = 3*n - 2. Let w be (23/((-207)/(-108)))/1. Calculate the greatest common factor of w and n.
6
Suppose -4*u - y + 45 = 4*y, 3*y = 3. Suppose 4*d - 319 - 241 = 0. Suppose 0 = -100*s + 102*s - d. Calculate the highest common divisor of u and s.
10
Suppose 0 = -r + 6*r - 20. Suppose 2*k - r = -0*k. Suppose 2 - 16 = -2*b + 2*z, 0 = -k*b - 4*z + 44. What is the greatest common factor of 12 and b?
12
Let l(u) = u + 3*u - 7*u - 4*u. Let x be l(-2). Let q be (26 - -2)/(6/6). What is the greatest common divisor of q and x?
14
Let s = 927 - 838. Calculate the highest common factor of s and 2759.
89
Let i(a) = -2*a**3 - 61*a**2 - 31*a + 63. Let r be i(-30). Calculate the highest common factor of r and 155.
31
Suppose -190 = -5*m + c - 4*c, 0 = 5*m - 3*c - 190. Calculate the greatest common factor of m and 418.
38
Suppose -2*f = 4*n - 84, 5*n = -2 + 7. Suppose -4*z + 32 = -0*z - 4*j, 3*j = 6. Calculate the highest common divisor of z and f.
10
Let i(d) = -35*d + 942. Let h be i(25). Calculate the highest common divisor of 4087 and h.
67
Let r(g) = g. Let k(n) = n**3 - 9*n**2 + 17*n - 11. Let z(j) = -k(j) + 5*r(j). Let x be z(7). What is the greatest common divisor of 200 and x?
25
Suppose p - 1 - 3 = 0. Suppose -p*w + 108 + 52 = 0. Calculate the highest common factor of 5 and w.
5
Suppose n = 19 - 9. Suppose 79 = n*h - 361. Calculate the greatest common divisor of 4 and h.
4
Let p(w) = w - 1. Let o be p(-1). Let i be 4 + -1 + o + 6. What is the highest common factor of 56 and i?
7
Let n = -16 - -24. Let q = 186 + -174. Calculate the highest common factor of n and q.
4
Suppose 5*r = d + 149, 0 = 3*d - d + 8. Suppose -10 + r = i. Let u = 297 - 278. Calculate the greatest common factor of u and i.
19
Let p(o) = o**3 - 7*o**2 + 4. Let x be p(7). Let b be (330 - 5)*x/10. Suppose -340 = -6*a - 28. What is the greatest common divisor of a and b?
26
Let t = 1663 + -745. Calculate the greatest common factor of t and 102.
102
Let i(d) = -247*d - 1. Let x be i(2). Let m be x/(-10) + 1/2. Let k = m - 34. What is the highest common factor of k and 4?
4
Let m = 1396 + -156. What is the highest common divisor of 31 and m?
31
Let z be 12/(-8) - (-2)/4. Let i be ((-13)/z)/((-2)/(-2)). What is the highest common divisor of 26 and i?
13
Suppose 18*q - 60 = 3*q. Calculate the greatest common divisor of q and 76.
4
Suppose 5*j - j = 0. Let z be (-7)/2*(-2 - j). Let t be 18 - (-3 - 20/(-12))*-3. Calculate the greatest common factor of z and t.
7
Let w be 0 + (0 - 4 - -1). Let d(n) = n**3 + 4*n**2 - n + 1. Let h be d(w). Let s = h - 7. What is the greatest common divisor of 6 and s?
6
Let h be (-2)/3 + 736/24. Suppose 431*u + 216 = 440*u. What is the greatest common divisor of u and h?
6
Suppose 5*x - 2*m - 149 = 0, -x + 12*m = 10*m - 25. Let g = 65 + -34. Calculate the highest common factor of g and x.
31
Let j = 103 - -84. What is the highest common divisor of j and 17?
17
Let z(m) = 6*m**3 - 7*m**2 + m - 21. Let u(h) = -h**3 - h**2 + 1. Let x(q) = -5*u(q) - z(q). Let r be x(12). What is the highest common factor of r and 20?
4
Let o(r) = r**3 - 15*r**2 - 101*r + 46. Let l be o(20). What is the greatest common factor of 65 and l?
13
Suppose 2*q - 18 = -3*o, -14 = -4*q + 4*o + o. Calculate the highest common factor of q and 6.
6
Let y be (18024/9)/8 + 5/(-15). What is the greatest common divisor of y and 10?
10
Suppose 0 = p - 1, 0 = -0*n + 2*n - 3*p - 3. Suppose 2*o = n*o + 24. Let u be o/9*21/(-2). What is the greatest common factor of 28 and u?
28
Suppose -25 = 5*n, z - 2*z + 21 = -4*n. Let f(d) = -27*d - 52. Let k be f(-2). Calculate the greatest common factor of k and z.
1
Suppose -t = b - 13, -3*t = -5*t + 5*b + 5. Calculate the highest common divisor of t and 130.
10
Let o(j) be the first derivative of 3*j**4 + j**3 - j**2 - 2*j + 7. Let g be o(2). Suppose s - g = -s. What is the greatest common factor of 34 and s?
17
Let r(z) = 4*z**2 - 75*z + 24. Let g be r(19). Calculate the greatest common divisor of 301 and g.
43
Suppose -3*q + 12 = -4*y, 2*q + 26 = -3*y - 0. Let h(b) = 6*b**2 - 9. Let j be h(y). Calculate the highest common factor of 23 and j.
23
Let r = 3 + 72. Suppose -i = 0, -5*p - 2*i + 260 = -3*p. Suppose -15 = -2*w - 2*a + 53, 0 = 5*w - 5*a - p. What is the highest common divisor of r and w?
15
Suppose 15*r = 20*r - 45. What is the greatest common divisor of 1 and r?
1
Suppose -13*s + 4*s = -63. Suppose -2*f - 5*l - s + 55 = 0, -2*l = 0. Calculate the greatest common divisor of 8 and f.
8
Suppose 0 = -3*w + 2*y + 1282, w + 214 = -5*y + 630. Calculate the greatest common divisor of w and 36.
6
Let g = -1243 + 1364. What is the greatest common divisor of g and 77?
11
Let j be 2 + -1 + (1 - -117). Let z(b) = 17*b**2 - 5*b - 5. Let s be z(-1). Calculate the greatest common divisor of s and j.
17
Let o(n) = 2*n**2 + 8*n - 2. Let s be o(-5). Suppose 2 = -7*w + s*w. Calculate the highest common divisor of w and 14.
2
Let u(v) = 7*v - 5. Suppose -14 + 4 = -2*y. Let j be u(y). Calculate the greatest common factor of 6 and j.
6
Suppose 0 - 2 = b. Let y = -4 - -10. Let k be b/(y/(-99)) - 3. Calculate the greatest common divisor of k and 6.
6
Let s = -301 + 1057. Calculate the greatest common divisor of 42 and s.
42
Let u(b) = 11*b**2 + 4. Let y be u(-5). Suppose 0 = -51*z - 40*z + 2821. What is the highest common factor of z and y?
31
Suppose 4*b - v - 430 = 0, 0 = 4*b - 3*v - 2*v - 422. Suppose -4*a - 392 = -35*a + 352. Calculate the highest common factor of b and a.
12
Let i = -5 - -10. Let t = 10 - i. What is the greatest common divisor of t and 5?
5
Suppose 3*n + 0*y - 54 = 3*y, 0 = 2*n + 2*y - 56. Calculate the highest common factor of n and 46.
23
Let d(y) be the third derivative of -y**6/30 + y**5/20 + y**4/6 + 3*y**3/2 - 19*y**2. Let c be d(-4). What is the highest common divisor of c and 33?
33
Suppose -10*u + 15*u - 135 = 0. Let j = 49 - u. What is the greatest common divisor of 55 and j?
11
Let b = -363 - -519. What is the greatest common factor of 180 and b?
12
Let b = -260 + 288. What is the highest common factor of 308 and b?
28
Let u be 5 + (-13)/2 - 1/2. Let o be (-404)/(-12) - -4 - u/6. Calculate the highest common factor of 418 and o.
38
Suppose 2*s - 6*l - 24 = -2*l, 2*s = l + 12. Suppose s*c - 32 = -4*c. Let u be (-60)/8*(-8)/5. What is the highest common factor of c and u?
4
Suppose 12*s = 7154 + 7318. What is the highest common divisor of s and 36?
18
Let i = -84 - -88. Suppose 7*q - i = 3. Calculate the greatest common divisor of 5 and q.
1
Suppose 2*h - 6 = -2. Suppose -h*n - 8 = -2*x, 6*n - n - 16 = -x. Let j(d) = -323*d + 3272. Let v be j(10). Calculate the highest common factor of x and v.
6
Let s = -1810 - -1909. What is the highest common divisor of s and 36?
9
Let t(f) = f**2 - 2*f + 8. Let n be t(3). Calculate the highest common divisor of n and 209.
11
Suppose 0 = -17*s + 22*s - 15, -j - 2*s + 14 = 0. What is the highest common divisor of 1192 and j?
8
Suppose b + 16*s - 1288 = 11*s, 4*s + 20 = 0. Calculate the highest common factor of b and 26.
13
Let q be 3/12 + (-513)/(-12). Let n = 75 - q. What is the greatest common divisor of n and 48?
16
Suppose 56 = 26*u - 19*u. Let m be u - -3 - (0 + 3). Suppose -4*c = 3*z - 352, -4*c = -9*c + 2*z + 440. Calculate the highest common divisor of c and m.
8
Suppose 961 = 4*f - q, -481 = -2*f - 0*q + q. What is the highest common divisor of 96 a